f u?
5
Suppose -53*j + 928657 + 623926 + 41869 = 0. What is the units digit of j?
4
Let i be 7*(-9)/1*320/(-96). Suppose -5*c = -4*x + i, -4*c - 13 = -5. What is the tens digit of x?
5
Let s be -10*(1843/(-2) - 1). Suppose -11607 - s = -32*i. What is the hundreds digit of i?
6
Suppose -24*w - 130*w - 3246210 = -8381802. What is the ten thousands digit of w?
3
Let i(v) = v**3 + 10*v**2 + 34 - 6*v**2 + v**2 + 11*v**2. What is the tens digit of i(-15)?
5
Suppose -2*d - 4*u = 20, 3*d - 2*u + 25 = -7*u. Suppose d = 2*n - 5*n + 774. What is the tens digit of n?
5
Suppose 0 = -5*s + 27*s - 75592. What is the tens digit of s?
3
Let x(c) = -1328*c + 1300. What is the tens digit of x(-20)?
6
Let j = -106 + 119. Let u(r) = -r + 17. Let v be u(j). Suppose 3*h + 211 = v*h. What is the hundreds digit of h?
2
Suppose 0 = 5*x - 5*b - 25, -2*x - 5*b - 6 - 12 = 0. Let p = x + 3. Suppose p*m - 468 = -0*m + q, -117 = -m + q. What is the hundreds digit of m?
1
Let y = 104 + -60. Let l = 48 - y. Suppose -o + l*o - 3*d = 54, 5*o - 93 = 2*d. What is the tens digit of o?
1
Let k(f) = 22*f + 11. Let q(u) = -21*u - 9. Let n(l) = 2*k(l) + 3*q(l). Suppose -3*m - 3 = 3. What is the tens digit of n(m)?
3
Let l be 1/(((-5)/(-1))/100). Let h(n) = l - 5*n - 7*n - 3 + 7. What is the units digit of h(-6)?
6
Let f be 4/(-30) - (2436168/(-180))/17. Let y = f - -558. What is the thousands digit of y?
1
Suppose 25*m - u - 85705 = 22*m, 4*u + 142844 = 5*m. What is the tens digit of m?
6
Suppose 0 = -4*g + 8*g - 64. Let b(a) = -8*a - 60. Let v be b(g). What is the units digit of -6*v/6 + 4 - -4?
6
Let r = 330 + -115. Suppose -y - 56 = -2*w + 3*y, 5*w + 5*y - r = 0. Let d = w + -9. What is the tens digit of d?
2
Let l(j) = 9*j**2 + 7*j - 149. What is the units digit of l(16)?
7
Let g = -94 - -1150. Let x = g + -737. What is the units digit of x?
9
Let c be 19/(-57) - 705/(-9). What is the tens digit of (6 + 5)*(-4)/(-22) + c?
8
Let r(k) = -k**3 + 29*k**2 + 2*k - 52. Let w be (-58)/(-5)*5/2. Let i be r(w). What is the tens digit of 456/16*28/i?
3
Let l be 3/(-4 + 5) + (-1577 - 0). Let b = -761 - l. What is the hundreds digit of b?
8
Let f(i) = i**3 - 6*i**2 - 6*i + 40. Let g be f(6). Suppose -4*k - 4*y + 4496 = 0, -3*k - g*y = -3184 - 187. What is the units digit of k?
5
Let c be 19/7 - (-4)/14. Suppose 0 = i - 5*w - 460, 4*w - 2274 = -5*i + c*w. Suppose 5*k - i = -3*g, -4*g + 234 = -k - 342. What is the hundreds digit of g?
1
Suppose 2*h = -h - 15, m - 173 = -4*h. Let i(a) = -a**3 - 2*a**2 + 37*a - 113. Let o be i(0). Let g = m + o. What is the tens digit of g?
8
Let c = 6513 + 3537. What is the ten thousands digit of c?
1
Let z = 739 + -137. Let t = z - -96. What is the units digit of t?
8
Suppose -4*t - 2 = -5*t. Suppose -2*y + 4*r + 12 = 0, 4*y + r = t*y - 3. Suppose 4*h - 196 = -5*x + 59, y = -4*x - 5*h + 204. What is the tens digit of x?
5
Let c(z) = 151*z**2 + z - 2. Let u be c(1). Suppose -2*o - j = -0*j - u, 0 = -o - 4*j + 89. Let b = -50 + o. What is the tens digit of b?
2
Suppose 2*y - 3*h = -2*y + 85, -5*y + 3*h + 104 = 0. What is the tens digit of (-6)/(((-152)/864)/y)?
4
Suppose 4*u = -0*u + 16, 2*k = -3*u + 902. Suppose 0 = -5*c + 2*j + 3*j + k, -c = -2*j - 85. What is the tens digit of c?
9
Let b be (48/(-20))/((-6)/110). Let y = b + 794. What is the units digit of y?
8
Suppose 5*d - 16 = w, -4*w + 11*d - 7*d = 0. Suppose -4*b = -0*g + 3*g - 1456, w*g - 1820 = -5*b. What is the tens digit of b?
6
Let d = -202 - -208. What is the hundreds digit of d/39 - ((-22062)/26)/3?
2
Let r be 6/12*(-216)/(-1). Let d = 129 - r. What is the units digit of d?
1
Let l be (0 + (-10)/15)/((-4)/294). Let o(b) = 59*b + 58 + l*b - 100*b. What is the hundreds digit of o(8)?
1
Suppose 577189 - 2677 = -8*p. Let n be (-2)/12 + p/36. What is the tens digit of (n/(-9))/(-7)*-3?
9
Suppose -5*n - 10 = 5*a, 5*a - 123 = -3*n - 137. Suppose 5*h - 5 = -3*u, 0 = u + 5*h - 4 - 1. Suppose -n*f - 2*f + 32 = u. What is the units digit of f?
8
Let s be 13 + (10/(-3) - 28/42). Suppose 4*j = j. Suppose -s*r = -j*r - 1818. What is the hundreds digit of r?
2
Let z = -11774 + 24091. What is the hundreds digit of z?
3
Suppose c + 2*q - 35109 = 0, -5*c - 4*q + 69038 = -106525. What is the ten thousands digit of c?
3
Suppose -11*a + 23*a = -7*a + 9728. What is the tens digit of a?
1
Suppose 0 = -l + 7. Let s(w) = w**3 - 8*w**2 + 9*w - 12. Let z be s(l). Suppose 5*b - 144 = z*b. What is the tens digit of b?
4
Suppose 98 = 2*k - 3*k. Let n = -19 - k. What is the tens digit of n?
7
Let j(u) be the third derivative of 0*u - 17/6*u**3 + 0 - 17/8*u**4 - 3*u**2. What is the units digit of j(-3)?
6
Let d be (0 + 2)*(11 - 6)/(-5). Let x(j) = -12*j**3 + 3*j**2 - 4*j - 5. What is the tens digit of x(d)?
1
Let l be (42/7 - 10) + 0/1. What is the hundreds digit of 32*l/((-32)/130)?
5
Let a be (4/8)/(1/288). Suppose -4*b - 2*k + 144 = -4*k, 4*b - a = -k. Suppose 2*q = -2*q + b. What is the units digit of q?
9
Let r(f) = -3*f**2 + 9. Let m be r(3). Let o(k) = -k**3 - 20*k**2 - 36*k. Let v be o(m). Suppose v = 3*h - 80 + 71. What is the units digit of h?
3
Suppose -142*w + 180114 + 664076 = 0. What is the tens digit of w?
4
Let o(g) be the third derivative of 13*g**5/20 - 17*g**4/24 - g**3/3 + 7*g**2 - 2*g. What is the tens digit of o(-3)?
0
Suppose -3*k = 4*g - 38822, -6*g + 4*g + 4*k = -19378. What is the hundreds digit of g?
7
Let t(c) = 71*c + 87*c + 57 + 66 + 219. What is the tens digit of t(7)?
4
Let c(w) = 2*w**3 + 12*w**2 + 75*w - 805. What is the units digit of c(31)?
4
What is the thousands digit of (28/(-1 - 6))/(-5 - (-144336)/28868)?
8
Suppose -18*n - 1483 = 299. Let a = n + 104. Suppose -5*p = -0*s - 3*s - 1002, a*s = 2*p - 416. What is the hundreds digit of p?
1
Suppose -3*m - 23178 = -2*c + 24535, -3*c = m - 71608. What is the tens digit of c?
6
Suppose 5*o + 28253 = 2*q, 3*q = 197*o - 198*o + 42320. What is the units digit of q?
9
Let v(l) = 21*l**2 + 30*l + 2. Let s(a) = 38*a**2 + 61*a + 4. Let k(q) = 4*s(q) - 7*v(q). What is the tens digit of k(-12)?
1
Suppose 108793*b - 1847691 = 108766*b. What is the ten thousands digit of b?
6
Suppose 9*l - 8*l - 390 = -3*f, -l = 0. What is the hundreds digit of f?
1
Suppose -2 = 2*g - 2*i, 4*g - 3*g - 5*i + 21 = 0. Suppose 2*c = 4*d - 7*d - 38, 5*c = -d - g. Let m = d + 18. What is the units digit of m?
4
What is the units digit of 382*(-35)/10*(-187)/11?
9
Suppose 487 + 451 = 14*j. Let v(c) = 6*c**2 + 2*c + 4. Let f be v(3). Let m = j - f. What is the units digit of m?
3
Let w be 866 - (8 - 1 - 0). What is the tens digit of (7 + -8)/((-1)/w)?
5
Let k(m) = -10*m**3 + 4*m - 32. Let g = -26 - -20. What is the units digit of k(g)?
4
Suppose 2*w - 3*g = 25127, -12133 = -2*w + g + 13008. What is the units digit of w?
4
Let d = 134 - 134. Let m be -1*(-1 + -28) - 1. Suppose 4*u - 6*u + m = d. What is the tens digit of u?
1
Suppose 3*j + 27 = -2*p + 4*j, 29 = -2*p + 3*j. Let b(n) = -14*n - 68. What is the units digit of b(p)?
4
Suppose 3*r + 2*m - 39984 = 0, -3*r = 15*m - 18*m - 39954. What is the units digit of r?
4
Let t(q) = -q**3 - 2*q**2 - 15*q + 2459. What is the tens digit of t(0)?
5
Let o = 110 - 81. Suppose -o*p + 12420 = p. What is the units digit of p?
4
Let m(f) = -2*f**2 + 5 + f - 11*f + f**3 + 2 - 4. What is the units digit of m(6)?
7
Suppose o - 9 = -3*c, 18 + 1 = 3*o + c. Suppose 9*m = -o*m + 13*m. Suppose m = 2*t - 121 - 185. What is the tens digit of t?
5
Let v(x) = x**3 + 6*x**2 - 7*x + 3. Let b be -3 + 1 + -3 + (-4)/2. Let n be v(b). What is the units digit of (-4)/n - 1*(-1515)/9?
7
Let v(u) = u**2 - 20*u + 7. Let p be v(14). Let h be (p/4 - -2)/((-1)/4). Let x = -38 + h. What is the tens digit of x?
3
Let f(w) = w**3 - 68*w**2 + 1309*w - 46. What is the units digit of f(38)?
6
Let a(k) = -k + 17. Let y be a(9). Suppose 0 = -4*x - y*x. What is the hundreds digit of (-1362)/24*(1 + (x - 5))?
2
Suppose -24*s = 45108 - 196092. What is the units digit of s?
1
Suppose -1905 = -2*v + 5015. What is the tens digit of v?
6
Let u = -40 - -38. Let v(h) = 39*h**2 - 7*h - 5. Let t be v(u). Suppose 3*q = t - 12. What is the tens digit of q?
5
Let j = 120 + -64. Suppose q - 5*q = -j. Suppose q*z - 27 = 57. What is the units digit of z?
6
Let g(h) = 2*h**3 - 13*h**2 + 8*h -